at is the greatest common factor of 1196 and 25093874?
598
What is the greatest common divisor of 16135200 and 180?
180
Calculate the greatest common factor of 73278 and 1137166.
2714
Calculate the highest common divisor of 1219752304 and 1226.
1226
Calculate the greatest common factor of 586 and 107795872.
586
What is the greatest common factor of 116643699 and 27?
27
Calculate the highest common factor of 954327 and 22227.
717
What is the highest common factor of 928 and 1086166?
58
What is the highest common divisor of 222982732 and 42?
14
What is the greatest common factor of 76 and 317784861?
19
What is the highest common divisor of 97463364 and 30?
6
What is the greatest common divisor of 51 and 14551473?
51
Calculate the highest common divisor of 36 and 24428439.
9
Calculate the greatest common divisor of 820 and 1536700.
20
Calculate the highest common factor of 264 and 22842468.
132
Calculate the greatest common divisor of 845853 and 688.
43
Calculate the highest common divisor of 1113863665 and 230.
115
Calculate the highest common factor of 14931150 and 1710.
570
What is the greatest common divisor of 10697 and 16632709?
563
Calculate the greatest common factor of 40411855 and 135300.
2255
What is the highest common factor of 344618855 and 3580?
895
What is the highest common divisor of 56 and 137464?
8
Calculate the greatest common divisor of 3505 and 6888727.
701
What is the highest common divisor of 2210 and 4765865?
1105
Calculate the greatest common divisor of 21108 and 966312.
12
What is the highest common divisor of 435 and 5555130?
15
Calculate the highest common factor of 521920 and 4130.
70
What is the greatest common divisor of 29080928 and 1424?
1424
What is the greatest common factor of 3350 and 3914810?
670
Calculate the greatest common divisor of 40 and 6697230.
10
Calculate the highest common factor of 19848 and 14792.
8
What is the highest common divisor of 54610 and 51514?
86
Calculate the highest common divisor of 20 and 23289124.
4
Calculate the greatest common divisor of 43989 and 1115628.
93
Calculate the highest common factor of 150371808 and 192.
96
What is the greatest common factor of 94092312 and 240?
24
Calculate the highest common divisor of 807138710 and 14.
14
What is the highest common divisor of 34358085 and 333?
9
Calculate the greatest common divisor of 792 and 112535280.
792
Calculate the highest common divisor of 1466055612 and 3402.
1134
What is the greatest common divisor of 2262834 and 12768?
42
Calculate the greatest common factor of 255589557 and 203.
29
Calculate the greatest common divisor of 29 and 794831855.
29
Calculate the highest common divisor of 1674 and 7495938.
18
What is the highest common divisor of 10 and 1130730?
10
Calculate the greatest common factor of 246 and 6976929.
123
What is the greatest common divisor of 12517692 and 6512?
1628
Calculate the highest common factor of 2664375 and 1545.
15
Calculate the greatest common divisor of 378 and 1610166600.
378
What is the greatest common factor of 8844823 and 247?
247
What is the greatest common divisor of 78700 and 1049858?
1574
Calculate the greatest common divisor of 1078 and 29224118.
154
Calculate the greatest common divisor of 120 and 8760072.
24
Calculate the highest common factor of 36981 and 31633.
7
Calculate the highest common divisor of 440 and 24105125.
55
What is the highest common divisor of 74434466 and 136?
34
What is the highest common divisor of 43550 and 145457?
871
Calculate the greatest common factor of 424 and 15341804.
212
Calculate the highest common factor of 1075863 and 858390.
213
Calculate the greatest common divisor of 37155765 and 3.
3
What is the highest common factor of 1053 and 7340463?
1053
Calculate the greatest common divisor of 33829845 and 735.
735
Calculate the highest common divisor of 127186 and 24434.
38
What is the highest common factor of 63493152 and 27136?
1696
Calculate the greatest common factor of 599721 and 5977.
43
What is the highest common factor of 264269477 and 123?
41
Calculate the highest common factor of 168585 and 120.
15
Calculate the highest common divisor of 19610339 and 3087.
343
What is the highest common divisor of 405 and 4918293?
27
What is the greatest common factor of 1375 and 23102875?
125
What is the greatest common divisor of 1078 and 1405773446?
1078
What is the highest common divisor of 663549 and 80736?
2523
Calculate the greatest common divisor of 11761010 and 70.
10
Calculate the greatest common divisor of 25474614 and 1452.
726
What is the highest common factor of 93969 and 36051?
591
Calculate the highest common factor of 1000 and 19717000.
1000
What is the greatest common factor of 571445760 and 1850?
370
Calculate the greatest common divisor of 40 and 76988.
4
Calculate the greatest common factor of 184442928 and 5904.
1968
What is the highest common factor of 58 and 10030781?
29
Calculate the highest common factor of 464615 and 16.
1
Calculate the greatest common factor of 15358135 and 18239.
299
Calculate the highest common divisor of 8093988 and 1764.
252
Calculate the highest common divisor of 4300175 and 715.
55
Calculate the highest common divisor of 266211 and 137687.
11
What is the highest common divisor of 9280 and 388?
4
What is the highest common factor of 12881 and 16808?
11
Calculate the highest common factor of 6668100 and 1241127.
2151
Calculate the highest common factor of 20680 and 1565560.
40
Calculate the greatest common divisor of 453188 and 821826.
3382
What is the highest common divisor of 29785 and 146076?
259
Calculate the highest common divisor of 405 and 184455.
45
What is the greatest common divisor of 3279 and 985155?
3
What is the greatest common factor of 19097 and 257753?
113
What is the greatest common factor of 1301228 and 4?
4
What is the highest common factor of 8188 and 68183523?
2047
Calculate the greatest common divisor of 53880 and 2910.
30
Calculate the highest common divisor of 147188379 and 156.
39
Calculate the highest common divisor of 59087322 and 5796.
2898
What is the highest common divisor of 90184117 and 235?
47
Calculate the highest common divisor of 3963059294 and 8054.
8054
Calculate the highest common factor of 8472 and 230089989.
1059
What is the greatest common divisor of 54491793 and 13212?
1101
Calculate the greatest common factor of 127959 and 1233077.
193
What is the highest common factor of 1653852 and 466546?
974
What is the highest common factor of 9860 and 152540?
580
What is the highest common divisor of 5211596 and 24180?
1612
What is the greatest common divisor of 13270656 and 1792?
896
What is the greatest common factor of 30764993 and 603?
67
Calculate the highest common factor of 40194894 and 12435.
2487
Calculate the greatest common divisor of 7956312 and 2184.
2184
What is the greatest common factor of 987 and 34065864?
21
Calculate the greatest common factor of 504284918 and 118.
118
What is the highest common divisor of 1834434 and 63?
63
What is the greatest common divisor of 34311654 and 11544?
2886
Calculate the highest common factor of 3384 and 20645032.
376
Calculate the greatest common divisor of 512 and 2831936.
64
What is the greatest common divisor of 719187 and 14973?
483
Calculate the greatest common divisor of 163192 and 1016.
8
What is the highest common factor of 311385825 and 225?
225
Calculate the highest common factor of 21544 and 9756.
4
Calculate the greatest common factor of 77351454 and 102.
6
Calculate the greatest common factor of 286 and 39662194.
286
What is the greatest common divisor of 104 and 301064?
8
What is the highest common factor of 206897401 and 2963?
2963
Calculate the highest common divisor of 495016 and 6536.
344
Calculate the greatest common factor of 264 and 19603656.
24
What is the highest common factor of 103909886 and 40671?
4519
Calculate the highest common divisor of 10975 and 4428193.
439
Calculate the greatest common divisor of 32 and 4671008.
32
Calculate the greatest common factor of 867783 and 47859.
903
What is the greatest common factor of 1866599 and 153643?
3269
What is the highest common factor of 135 and 324081?
27
What is the highest common divisor of 5319 and 34869?
591
What is the highest common divisor of 3863